- a. Is y/(-60) + (-6)/(-10) composite?
True
Let d(g) = -3*g**3 + 8*g**2 - 11*g + 9. Let n(u) = -u**3 - u**2 - 1. Let w(b) = -b**2 + 6*b + 5. Let r be w(7). Let o(p) = r*n(p) + d(p). Is o(8) prime?
False
Let d be 2/(-1 - 194/(-192)). Let t(w) = w**3 - 5*w**2 - 24*w + 5. Let f be t(8). Suppose -747 = -f*q - d. Is q composite?
True
Let a(k) = k**3 - 5*k**2 - 4*k - 2. Let d be a(5). Let i = d - -38. Let v = i + -10. Is v prime?
False
Let g(l) = 8 - 14*l + 8*l + 22*l. Let u be g(6). Suppose v - u - 83 = 0. Is v composite?
True
Suppose 241065 = 35*l - 150830. Is l a composite number?
False
Suppose 2*i - 727 = 1657. Suppose 8*s = 4*s + i. Is s a composite number?
True
Is 252/(-567) + (-128078)/(-18) prime?
False
Let d be 221 + (1 - -2) + 0. Let t = 1293 + d. Is t composite?
True
Suppose -4*t = 6*t. Is (145/(-2) - t)*2*-1 a composite number?
True
Let v be 2/(-5) - (4 - 42/5). Is ((-4)/6)/(v/(-13314)) composite?
True
Suppose -5*p + 189 = n, 16*n - 4*p = 17*n - 191. Is n a composite number?
False
Suppose -3*m - 2*u + 4 = 27, 42 = -4*m + 3*u. Let w be (-3)/m - (-3004)/6. Let f = 2656 - w. Is f a prime number?
False
Let a(m) = -9*m - 11*m - 17*m + 18*m - 12*m - 3. Let p be 2/((-4)/(-14))*-1. Is a(p) prime?
False
Let i = -35861 - -72154. Is i composite?
False
Suppose 0 = 3*i - 2*i + 6. Is 5/(-15) + (-1076)/i a prime number?
True
Suppose -2*c - 5*o + 26 = 2*c, -2*c - o = -10. Suppose -b - 140 = -c*g, 3*g - 2*b + 3*b - 98 = 0. Is 1 + -4 + 0 + g a composite number?
False
Let o(j) be the first derivative of -26*j**3/3 + j**2 - 6*j + 6. Let u be o(4). Let m = u - -637. Is m a composite number?
False
Suppose 1581*k - 328955 = 1576*k. Is k composite?
True
Let v = -11849 + 24738. Is v composite?
False
Let n(u) = 3*u**2 + 3*u - 13. Suppose 4*g = -5*f + 144, 2*f + 116 = 6*f + 3*g. Suppose f = -5*x - 13. Is n(x) a prime number?
False
Let j = -70 + 76. Suppose -9171 = -3*w - j*w. Is w prime?
True
Suppose 5*y - 110 = -6*y. Let h(n) = -n**3 + 15*n**2 + 14*n - 7. Is h(y) prime?
False
Let m = -10 + 13. Suppose -m + 0 = 3*f. Is (-5)/1*17/f a prime number?
False
Is (-340836)/12*2/(-2) composite?
False
Let s(y) = -y**3 + y. Let v(b) = 3*b**3 - 2*b - 1. Let r(g) = -4*s(g) - v(g). Let d be r(2). Suppose d*a = 396 + 1369. Is a composite?
False
Let g(o) be the first derivative of 5*o**2/2 - 4*o + 1. Let r be g(2). Suppose r*d + 123 = 7*d. Is d composite?
True
Let z(i) = 3*i**2 + 4*i - 5. Let p be z(2). Is 6/p + 4622/(-10)*-3 a prime number?
False
Let q(m) = -m**3 + 3*m**2 + 4*m - 1. Let i(s) = s**2 - 12*s + 3. Let t be i(12). Let n be q(t). Suppose 3*j = 122 - n. Is j composite?
False
Suppose 0 = -p + 2*d + 4, 2*d = -2*d. Suppose 2*w - 1174 = -p*h, 156 = 2*h + 4*w - 422. Is h a prime number?
False
Suppose 4*z + z = 285. Suppose 78 = 2*g - 15*g. Let j = z + g. Is j a prime number?
False
Let n(a) = -a**2 - 20*a - 31. Let r be n(-18). Suppose -3*i + 4703 = 4*s, -3*i + 2*s - r*s + 4698 = 0. Is i a prime number?
False
Let t = -636 - -3563. Is t prime?
True
Let y(o) = -2*o**3 - 5*o**2 - o + 1 - o - 6*o**2. Let d be y(-8). Let h = d + -178. Is h a composite number?
True
Let c(s) = -11*s - 15. Let a be 8/(-6)*(0 - 30). Suppose 2*k = -2*k - a. Is c(k) composite?
True
Suppose -3*p + 1 = -2. Let l be (-10 - p)/(3/(-27)). Let v = 316 - l. Is v a composite number?
True
Let s(a) = a**3 - 6*a**2 - 8*a + 8. Let j be s(6). Let q be ((-2)/4)/(4/j). Suppose p - q = 4. Is p a prime number?
False
Suppose 19*q = 21*q - 4926. Is q a prime number?
False
Let r(d) = 7*d**2 - 12*d + 7. Let k(l) = -15*l**2 + 23*l - 13. Let q(f) = 6*k(f) + 13*r(f). Let x be q(18). Suppose -x*t = -18*t + 805. Is t a prime number?
False
Let j(h) = -5*h**2 + 11*h - 19. Let a(f) = 2*f**2 - 5*f + 9. Let m(t) = -7*a(t) - 3*j(t). Let r(v) be the first derivative of m(v). Is r(2) composite?
True
Let j be ((-5)/(-4))/(((-75)/5740)/(-15)). Let a = 2114 - j. Is a a composite number?
True
Is (2/(-3) - 407065/(-51))*1 a composite number?
True
Suppose 6*b = -8*b + 518. Let c be (1/2 - 0)*-36. Let i = c + b. Is i prime?
True
Let k = -31 + 38. Suppose 15 = k*o - 4*o. Is (-8)/(-4) + o*81 a composite number?
True
Let z = 29 + -27. Suppose 4*x - 3226 + 250 = 4*r, -z*x + 5*r + 1491 = 0. Is x a prime number?
True
Let r(q) = q**3 - 17*q**2 + 18*q - 22. Let d be r(16). Suppose -d*f + 6*f = 0. Suppose -2*y + 4*b = 10, -3*y - y - 4*b + 28 = f. Is y a composite number?
False
Let b = 5252 - -7841. Is b a composite number?
False
Let w = 7008 + -4069. Is w composite?
False
Suppose 19*v - 16 = 15*v. Suppose -c = -5*x + 1897, x - 347 - 40 = v*c. Is x prime?
True
Suppose 2581 - 19501 = -9*m. Let j = -519 + m. Is j prime?
True
Let d(u) = 357*u + 152. Is d(15) composite?
False
Let q(p) = p**2 + 260. Let z be q(0). Suppose -3*m - 99 = -2*v - 894, m - z = -v. Is m a prime number?
True
Suppose 4*c - f - 16860 = 3525, 5*f = -2*c + 10165. Is c prime?
False
Suppose 6*t - 8*t + 14342 = 0. Is t a prime number?
False
Suppose -10*m + 4*m = -7692. Suppose -2*z = 2*z + 5*r - 2520, 0 = 2*z - 3*r - m. Is z a composite number?
True
Let y be (-10)/4*84/(-70). Suppose -2*w - y*x + 0*x = -8, 5*w = x + 20. Is 3 + (5095 - -1)/w a composite number?
False
Let c(n) = 202*n - 64. Is c(9) a composite number?
True
Let v(c) = -c**3 + 4*c**2 + 8*c - 8. Let h be v(5). Suppose h*r = 2*r + 4435. Suppose -484 = -f - j, -r = -2*f - 5*j + 96. Is f a composite number?
False
Let q(x) = -185*x + 2 - 4 + 4. Let j be q(-5). Suppose -5*n = -1088 - j. Is n prime?
False
Let d(x) = -x**3 + 2*x**2 + 9*x - 4. Suppose q - 5 = -12. Let t be d(q). Suppose 5*z + t = 3*a - 149, -z = -2*a + 358. Is a composite?
False
Let v be (9/(-6))/((-3)/10). Suppose 4*x + 3 = -3*a, v*x = 2*a + 2*x - 15. Suppose 4*b + 3789 = 3*h, -a*h + 4*b = 6*b - 3771. Is h composite?
False
Suppose -2*l + 7570 = 3*l. Suppose -d - 3*d - 1192 = 4*k, 0 = 5*d - k + l. Let s = 549 + d. Is s composite?
True
Is (-8 + 1)/((-43)/5633) composite?
True
Let k(n) = -2*n**2 - n + 2. Let r be k(0). Suppose -3*x - r*w = -3*w - 420, 15 = -5*w. Suppose -s + c + x = 6*c, 0 = -5*c - 10. Is s prime?
True
Let a(h) = -2*h**2 + 73*h - 3. Let y be a(35). Let b(c) = 6*c**2 - 4*c - 3. Let x be b(-2). Let m = x + y. Is m composite?
False
Suppose -18 = 4*q + r - 49, q = 5*r + 13. Let m(o) = o**3 + 2*o**2 - 9*o + 3. Is m(q) composite?
False
Let q(y) = 8*y - 12. Let s = 29 + -19. Let x be q(s). Let c = x + 29. Is c composite?
False
Let g = 22737 - 6808. Is g prime?
False
Let c(a) = 6*a**2 + 5*a + 17. Is c(18) a prime number?
False
Let t(o) = -2*o**2 + 18*o + 1. Let y be t(7). Suppose y*h + 746 = 31*h. Is h a prime number?
True
Let m(q) = q**3 + 28*q**2 + 18*q + 26. Is m(-13) composite?
True
Suppose u + 3*o - 7 = 0, -2 = -2*o + 6. Let m be 2/u + 2/5. Suppose m = -3*g - 3, 4*l - g - 396 = -l. Is l a prime number?
True
Let y = 14 + 191. Suppose -3*g + y = 22. Suppose 2*v - 13 = g. Is v a prime number?
True
Suppose 3*k + 2*k - 20 = 0. Let o(c) = c**2 - c - 1. Let r(f) = -2*f**3 + 7*f**2 - 7*f - 5. Let l(a) = 2*o(a) - r(a). Is l(k) a composite number?
False
Let s = -127 - -114. Let p(d) = 4*d**2 + 22*d - 11. Is p(s) a prime number?
True
Let p = -4275 - -8472. Is p prime?
False
Suppose 3*n - 51 = 4*r, -r + 83 = 3*n + 17. Let p = 27 - n. Suppose -4*f = -p*f + 410. Is f prime?
False
Let q(k) = -k + 304. Let m be q(0). Suppose -182 = -2*o - 2*r, r - 54 - m = -4*o. Is o a composite number?
False
Let z(r) = -r**3 + r + 3. Let s be z(0). Suppose 2*t - s = -1. Is 2 + 1467/3*t composite?
False
Let q(k) = -134*k**3 + 2*k**2 + 3*k - 2. Let m be q(2). Let i = -587 - m. Is i prime?
False
Suppose 7*b + 22495 = 18*b. Is b composite?
True
Let p(m) = 4 + 4 + 816*m - 4. Let i be p(1). Suppose 2*d + i = 2*r, -r + 401 = -0*r - 4*d. Is r a composite number?
True
Suppose -v + 30129 = -20*g + 22*g, 0 = 5*v - 15. Is g a prime number?
False
Let l(c) = 155*c - 23. Let h be (-1 - -13)/(9 + -7). Is l(h) composite?
False
Suppose -1 = 3*o - 4, -6 = -3*a - 3*o. Let p(l) = 67*l**2 + 10*l - 10. Is p(a) composite?
False
Let g(h) = -39*h**2 + 2*h - 3. Let w be g(-3). Let n be ((-64)/(-10))/(12/w). Let t = n + 443. Is t a composite number?
False
Let m = 608 + 171. Suppose -m = -3*j + 1222. Is j a prime number?
False
Let w(h) = -8*h - 11. Let z be w(-5). Suppose -z - 512 = -a. Is a a composite number?